{"id":411,"date":"2021-08-26T17:33:16","date_gmt":"2021-08-26T15:33:16","guid":{"rendered":"http:\/\/chateaudejoyeuse.com\/?page_id=411"},"modified":"2024-02-02T11:46:33","modified_gmt":"2024-02-02T10:46:33","slug":"nos-tarifs","status":"publish","type":"page","link":"https:\/\/chateaudejoyeuse.com\/index.php\/nos-tarifs\/","title":{"rendered":"Nos tarifs"},"content":{"rendered":"\n<h1 class=\"has-text-color wp-block-heading\" style=\"color:#647464\"><em>Location de gites<\/em><\/h1>\n\n\n\n<p>2 gites vous sont propos\u00e9s \u00e0 l&rsquo;int\u00e9rieur du parc. Les prix s&rsquo;entendent par jour et sur une base de 2 nuits. <\/p>\n\n\n\n<ul><li>Arriv\u00e9e 15 h &#8211; d\u00e9part 11 h.<\/li><li>Draps et linges de toilettes compris <\/li><li>Petit d\u00e9jeuner, et table d&rsquo;h\u00f4te (sur r\u00e9servation) <\/li><li>Possibilit\u00e9 de louer 2 VTT  <\/li><\/ul>\n\n\n\n<div class=\"wp-block-columns is-layout-flex wp-container-core-columns-is-layout-3 wp-block-columns-is-layout-flex\">\n<div class=\"wp-block-column is-layout-flow wp-block-column-is-layout-flow\" style=\"flex-basis:100%\">\n<div class=\"wp-block-group\"><div class=\"wp-block-group__inner-container is-layout-flow wp-block-group-is-layout-flow\">\n<div class=\"wp-block-columns is-layout-flex wp-container-core-columns-is-layout-2 wp-block-columns-is-layout-flex\">\n<div class=\"wp-block-column is-layout-flow wp-block-column-is-layout-flow\" style=\"flex-basis:100%\">\n<div class=\"wp-block-columns is-layout-flex wp-container-core-columns-is-layout-1 wp-block-columns-is-layout-flex\">\n<div class=\"wp-block-column is-layout-flow wp-block-column-is-layout-flow\">\n<ul><li>Location appartement dans la Tour 5 couchages maximum <\/li><li>Location appartement 4 couchages<\/li><li>( Draps, linges de toilettes et produits d&rsquo;accueil (gel douche, shampoing, savon compris )<\/li><\/ul>\n<\/div>\n\n\n\n<div class=\"wp-block-column is-layout-flow wp-block-column-is-layout-flow\">\n<ul><li>130 \u20ac\u00a0 par nuit <\/li><li>115 \u20ac\u00a0 par nuit <\/li><\/ul>\n<\/div>\n<\/div>\n<\/div>\n<\/div>\n<\/div><\/div>\n<\/div>\n<\/div>\n\n\n\n<p class=\"has-text-color\" style=\"color:#647652;font-size:30px\"><strong><mark style=\"background-color:rgba(0, 0, 0, 0);color:#647652\" class=\"has-inline-color\">Pour les \u00e9v\u00e8nements priv\u00e9s &#8211; Offre Prestige<\/mark><\/strong><\/p>\n\n\n\n<p><strong>(capacit\u00e9 maximale 100 personnes<\/strong>&#8211; Nous consulter pour une capacit\u00e9 sup\u00e9rieure)                              <\/p>\n\n\n\n<p><strong><em>Espace Orangerie &nbsp;<\/em><\/strong>                                                                                                        2 400 \u20ac <\/p>\n\n\n\n<p><strong>Ce prix s\u2019entend du 1er avril au 31 octobre  de 14 h le vendredi au dimanche 17 h <\/strong>. Pour un mariage en semaine (lundi au jeudi), vous b\u00e9n\u00e9ficierez d&rsquo; une r\u00e9duction de 15 %. Les espaces sont lou\u00e9s avec le mobilier (tables rondes diam\u00e8tre 150 ,  tables rectangulaires, chaises).  Nous pouvons&nbsp; vous proposer&nbsp; un accompagnement personnalis\u00e9 de A \u00e0 Z afin de faciliter votre organisation.<\/p>\n\n\n\n<ul><li>Sont compris :<\/li><\/ul>\n\n\n\n<div class=\"wp-block-columns is-layout-flex wp-container-core-columns-is-layout-4 wp-block-columns-is-layout-flex\">\n<div class=\"wp-block-column is-layout-flow wp-block-column-is-layout-flow\" style=\"flex-basis:66.66%\">\n<ul><li>La Salle  en rez de jardin &#8211; Capacit\u00e9 maximale environ 70 personnes assises<\/li><li>La salle  au 1er \u00e9tage &#8211; Capacit\u00e9 identique (ne peut pas \u00eatre utilis\u00e9e comme salle de danse)<\/li><li>2 barnums de 18 m2 \u00e0 disposition <\/li><li>Le parc<\/li><li>Les 2 gites ( Draps, linges de toilettes et produits d&rsquo;accueil (gel douche, shampoing, savon compris )<\/li><\/ul>\n<\/div>\n\n\n\n<div class=\"wp-block-column is-layout-flow wp-block-column-is-layout-flow\" style=\"flex-basis:33.33%\"><\/div>\n<\/div>\n\n\n\n<p><\/p>\n\n\n\n<p><strong><em>Options&nbsp;<\/em><\/strong>:<\/p>\n\n\n\n<div class=\"wp-block-columns is-layout-flex wp-container-core-columns-is-layout-5 wp-block-columns-is-layout-flex\">\n<div class=\"wp-block-column is-layout-flow wp-block-column-is-layout-flow\" style=\"flex-basis:66.66%\">\n<ul><li>M\u00e9nage et remise en ordre des lieux (sinon effectu\u00e9 par les clients)<\/li><li>Enl\u00e8vement des poubelles et bouteilles vides (ou effectu\u00e9 par les clients)<\/li><li>Petit d\u00e9jeuner dimanche matin (sur r\u00e9servation)&nbsp;<\/li><li>Brunch dimanche midi (sur devis)<\/li><li>Chapiteaux modulables, pistes de danse &#8230; (sur devis)<\/li><\/ul>\n\n\n\n<p><\/p>\n<\/div>\n\n\n\n<div class=\"wp-block-column is-layout-flow wp-block-column-is-layout-flow\" style=\"flex-basis:33.33%\">\n<ul><li>150 \u20ac par salle<\/li><li> 60 \u20ac<\/li><li>  13 \u20ac &nbsp; par personne<\/li><\/ul>\n<\/div>\n<\/div>\n\n\n\n<p><\/p>\n\n\n\n<p><\/p>\n\n\n\n<p style=\"font-size:30px\"><strong><mark style=\"background-color:rgba(0, 0, 0, 0);color:#647652\" class=\"has-inline-color\">Pour les \u00e9v\u00e8nements professionnels<\/mark><mark style=\"background-color:rgba(0, 0, 0, 0);color:#ca9aa6\" class=\"has-inline-color\">&nbsp;<\/mark><\/strong><\/p>\n\n\n\n<p><strong>(capacit\u00e9 maximale 100 personnes)<\/strong> &#8211;&nbsp; Nous consulter pour une capacit\u00e9 sup\u00e9rieure<\/p>\n\n\n\n<p><strong><em>Espace Orangerie<\/em><\/strong> &#8211; <\/p>\n\n\n\n<div class=\"wp-block-columns is-layout-flex wp-container-core-columns-is-layout-6 wp-block-columns-is-layout-flex\">\n<div class=\"wp-block-column is-layout-flow wp-block-column-is-layout-flow\" style=\"flex-basis:66.66%\">\n<ul><li>Salle Rez de Jardin &#8211; Capacit\u00e9 maximale environ 70 personnes assises <\/li><li>Salle 1er \u00e9tage &#8211; Capacit\u00e9 identique <\/li><li>2 barnums 18 m2 \u00e0 disposition <\/li><\/ul>\n<\/div>\n\n\n\n<div class=\"wp-block-column is-layout-flow wp-block-column-is-layout-flow\" style=\"flex-basis:33.33%\">\n<ul><li>   500 \u20ac H.T&nbsp; &nbsp;<\/li><li>   500 \u20ac H.T&nbsp; <\/li><\/ul>\n<\/div>\n<\/div>\n\n\n\n<div class=\"wp-block-columns is-layout-flex wp-container-core-columns-is-layout-7 wp-block-columns-is-layout-flex\"><\/div>\n\n\n\n<p><strong>Ces prix s\u2019entendent du 1er avril au 31 octobre  de 8 h \u00e0 18 h ou pour une dur\u00e9e de 10&nbsp; heures du lundi au jeudi<\/strong>. Nous consulter pour le week end (du vendredi au dimanche ainsi que pour des dates hors saison)&nbsp;. Vous pouvez nous confier la personnalisation de votre \u00e9v\u00e8nement notamment sur l&rsquo;aspect traiteur.<\/p>\n\n\n\n<p><strong><em>Options&nbsp;<\/em><\/strong><\/p>\n\n\n\n<div class=\"wp-block-columns is-layout-flex wp-container-core-columns-is-layout-8 wp-block-columns-is-layout-flex\">\n<div class=\"wp-block-column is-layout-flow wp-block-column-is-layout-flow\" style=\"flex-basis:66.66%\">\n<ul><li>M\u00e9nage et remise en ordre des lieux&nbsp; (ou effectu\u00e9 par les clients) <\/li><li>Brunch, cocktail, pause caf\u00e9\u2026&nbsp; &nbsp; &nbsp; <\/li><\/ul>\n<\/div>\n\n\n\n<div class=\"wp-block-column is-layout-flow wp-block-column-is-layout-flow\" style=\"flex-basis:33.33%\">\n<ul><li>100 \u20ac H.T  &nbsp; <\/li><li>Sur devis <\/li><\/ul>\n<\/div>\n<\/div>\n\n\n\n<div class=\"wp-block-media-text alignwide is-stacked-on-mobile\"><figure class=\"wp-block-media-text__media\"><\/figure><div class=\"wp-block-media-text__content\">\n<p class=\"has-large-font-size\"><\/p>\n<\/div><\/div>\n","protected":false},"excerpt":{"rendered":"<p>Location de gites 2 gites vous sont propos\u00e9s \u00e0 l&rsquo;int\u00e9rieur du parc. Les prix s&rsquo;entendent par jour et sur une base de 2 nuits. Arriv\u00e9e 15 h &#8211; d\u00e9part 11 h. Draps et linges de toilettes compris Petit d\u00e9jeuner, et table d&rsquo;h\u00f4te (sur r\u00e9servation) Possibilit\u00e9 de louer 2 VTT Location appartement dans la Tour 5 [&hellip;]<\/p>\n","protected":false},"author":1,"featured_media":0,"parent":0,"menu_order":0,"comment_status":"closed","ping_status":"closed","template":"","meta":{"ocean_post_layout":"","ocean_both_sidebars_style":"","ocean_both_sidebars_content_width":0,"ocean_both_sidebars_sidebars_width":0,"ocean_sidebar":"0","ocean_second_sidebar":"0","ocean_disable_margins":"enable","ocean_add_body_class":"","ocean_shortcode_before_top_bar":"","ocean_shortcode_after_top_bar":"","ocean_shortcode_before_header":"","ocean_shortcode_after_header":"","ocean_has_shortcode":"","ocean_shortcode_after_title":"","ocean_shortcode_before_footer_widgets":"","ocean_shortcode_after_footer_widgets":"","ocean_shortcode_before_footer_bottom":"","ocean_shortcode_after_footer_bottom":"","ocean_display_top_bar":"default","ocean_display_header":"default","ocean_header_style":"","ocean_center_header_left_menu":"0","ocean_custom_header_template":"0","ocean_custom_logo":0,"ocean_custom_retina_logo":0,"ocean_custom_logo_max_width":0,"ocean_custom_logo_tablet_max_width":0,"ocean_custom_logo_mobile_max_width":0,"ocean_custom_logo_max_height":0,"ocean_custom_logo_tablet_max_height":0,"ocean_custom_logo_mobile_max_height":0,"ocean_header_custom_menu":"0","ocean_menu_typo_font_family":"0","ocean_menu_typo_font_subset":"","ocean_menu_typo_font_size":0,"ocean_menu_typo_font_size_tablet":0,"ocean_menu_typo_font_size_mobile":0,"ocean_menu_typo_font_size_unit":"px","ocean_menu_typo_font_weight":"","ocean_menu_typo_font_weight_tablet":"","ocean_menu_typo_font_weight_mobile":"","ocean_menu_typo_transform":"","ocean_menu_typo_transform_tablet":"","ocean_menu_typo_transform_mobile":"","ocean_menu_typo_line_height":0,"ocean_menu_typo_line_height_tablet":0,"ocean_menu_typo_line_height_mobile":0,"ocean_menu_typo_line_height_unit":"","ocean_menu_typo_spacing":0,"ocean_menu_typo_spacing_tablet":0,"ocean_menu_typo_spacing_mobile":0,"ocean_menu_typo_spacing_unit":"","ocean_menu_link_color":"","ocean_menu_link_color_hover":"","ocean_menu_link_color_active":"","ocean_menu_link_background":"","ocean_menu_link_hover_background":"","ocean_menu_link_active_background":"","ocean_menu_social_links_bg":"","ocean_menu_social_hover_links_bg":"","ocean_menu_social_links_color":"","ocean_menu_social_hover_links_color":"","ocean_disable_title":"default","ocean_disable_heading":"default","ocean_post_title":"","ocean_post_subheading":"","ocean_post_title_style":"","ocean_post_title_background_color":"","ocean_post_title_background":0,"ocean_post_title_bg_image_position":"","ocean_post_title_bg_image_attachment":"","ocean_post_title_bg_image_repeat":"","ocean_post_title_bg_image_size":"","ocean_post_title_height":0,"ocean_post_title_bg_overlay":0.5,"ocean_post_title_bg_overlay_color":"","ocean_disable_breadcrumbs":"default","ocean_breadcrumbs_color":"","ocean_breadcrumbs_separator_color":"","ocean_breadcrumbs_links_color":"","ocean_breadcrumbs_links_hover_color":"","ocean_display_footer_widgets":"default","ocean_display_footer_bottom":"default","ocean_custom_footer_template":"0","footnotes":""},"_links":{"self":[{"href":"https:\/\/chateaudejoyeuse.com\/index.php\/wp-json\/wp\/v2\/pages\/411"}],"collection":[{"href":"https:\/\/chateaudejoyeuse.com\/index.php\/wp-json\/wp\/v2\/pages"}],"about":[{"href":"https:\/\/chateaudejoyeuse.com\/index.php\/wp-json\/wp\/v2\/types\/page"}],"author":[{"embeddable":true,"href":"https:\/\/chateaudejoyeuse.com\/index.php\/wp-json\/wp\/v2\/users\/1"}],"replies":[{"embeddable":true,"href":"https:\/\/chateaudejoyeuse.com\/index.php\/wp-json\/wp\/v2\/comments?post=411"}],"version-history":[{"count":37,"href":"https:\/\/chateaudejoyeuse.com\/index.php\/wp-json\/wp\/v2\/pages\/411\/revisions"}],"predecessor-version":[{"id":531,"href":"https:\/\/chateaudejoyeuse.com\/index.php\/wp-json\/wp\/v2\/pages\/411\/revisions\/531"}],"wp:attachment":[{"href":"https:\/\/chateaudejoyeuse.com\/index.php\/wp-json\/wp\/v2\/media?parent=411"}],"curies":[{"name":"wp","href":"https:\/\/api.w.org\/{rel}","templated":true}]}}